 l(x) = -x**2 + x**3 - 4*x**n + 3*x - a + x**2. Determine l(3).
-4
Let x be 7/2 + -4 + (-33)/6. Let h(a) = -5*a - 8. Give h(x).
22
Suppose 9 = 6*a - 9*a. Let p(f) be the second derivative of f**5/20 + f**4/12 - 5*f**3/6 - f**2 + 2*f. Give p(a).
-5
Let d(k) = k - 7. Let o be d(7). Let g(w) be the third derivative of -2*w**2 - 1/4*w**4 - 1/60*w**5 + 0 - 1/2*w**3 + o*w. What is g(-3)?
6
Let o(c) = -c**2 - 6*c - 3. Let z = 20 + -16. Suppose 4*y + 20 = 5*h, 4*y + z*h + 2 = -18. What is o(y)?
2
Let h = 13 - 8. Suppose -4*c + 8*c - h*w + 20 = 0, 4 = w. Let l(j) = 3*j - 9 - 6*j + j**3 + 2*j + j**2. Calculate l(c).
-9
Suppose -5*n + 20 - 60 = 0. Let a be 12/n*16/6. Let k(t) = t**2 + 3*t - 5. Determine k(a).
-1
Let g(v) be the second derivative of v**5/20 + v**4/2 + 2*v**3/3 - 2*v**2 + v. Let s(i) = i**2 + i - 6. Let a be s(-3). Let u = a - 5. What is g(u)?
1
Let z(b) = -3*b - 1. Let n = -1 + 4. Suppose -n*r = 2*r + w - 14, -10 = r - 3*w. Suppose 0*y - 2*y = r. Give z(y).
2
Let m(w) be the third derivative of 7*w**4/24 + w**3/6 + w**2. Let t = 2 - 3. Calculate m(t).
-6
Let r be ((-495)/44)/15 + (-18)/8. Let u(i) be the second derivative of 1/20*i**5 + 1/12*i**4 + 1/2*i**2 - i - 1/3*i**3 + 0. What is u(r)?
-11
Let f be (-3 - -1 - 0) + 7. Let n(s) = -s**2 + s - 2. Let y(j) = -j**2 - 2. Let v(z) = -5*n(z) + 4*y(z). Determine v(f).
2
Let z(i) = -i**2 + 1. Let l(q) = -4*q**2 + 2*q + 10. Let v(n) = -l(n) + 5*z(n). Give v(-4).
-13
Let c be ((-2)/(-8))/(4/(-16)). Let x(o) = o**2 - 2*o - 1. Calculate x(c).
2
Let x(j) be the first derivative of -5*j**3 + j**2 - j + 16. What is x(1)?
-14
Let x = 7 - 6. Let c = x + -3. Let v(y) = 2*y**3 + y**2 - 4*y - 3. Calculate v(c).
-7
Let h(i) = i**3 - 5*i**2 + 5*i - 6. Let z be 2/((-3)/42*-4). Let c(a) = a**2 - 5*a - 10. Let n be c(z). Determine h(n).
-2
Let n be (-1 - 6/(-9))*6. Let u(z) be the second derivative of -z**5/20 - z**4/6 - z**3/6 - z**2 - 3*z. What is u(n)?
0
Let z(b) = -4*b - 1. Suppose 3 = 2*t + 1. Let y = 5 - t. Let l(x) = -3*x - 1. Let j(r) = y*z(r) - 3*l(r). Determine j(-1).
6
Let i be 9/2 - (-2)/4. Let n(s) = s + 7. What is n(i)?
12
Suppose 3*a - 5*g + 1 = 0, 0 = -a + 3*g + g - 5. Suppose -x + 2*f - 2 = 3, x = -a*f - 5. Let w(m) = 2*m + 5. What is w(x)?
-5
Let i(v) be the third derivative of 1/6*v**3 - 1/60*v**5 + 0*v - 3*v**2 + 1/12*v**4 + 0. Determine i(2).
1
Let n(v) = v - 15. Let w(x) = x**2 - 2*x - 24. Let i be w(7). What is n(i)?
-4
Suppose 2*d + 23 = -5*f, -4*f - 4*d = -5*d + 21. Let s(l) = -1 + 5 - 2 + l. Give s(f).
-3
Let g(i) = -i**2 - 14*i - 23. Let t be g(-12). Let f(p) = -4*p - 1. What is f(t)?
-5
Let r(k) = 30*k**3 - 6*k**2 + 11. Let m(d) = 10*d**3 - 2*d**2 + 4. Let w(i) = -8*m(i) + 3*r(i). Let g(o) = -2*o + 11. Let n be g(6). Calculate w(n).
-11
Let g(x) be the second derivative of x**5/20 - 5*x**4/12 - x**2/2 - 12*x. Calculate g(5).
-1
Suppose 21 = -3*v + 24. Let w(x) be the first derivative of -3*x**4 - x + 2. Give w(v).
-13
Let t(u) = -u**3 - u**2 - u - 1. Let w be 35/(-7) - (0 - 4). Determine t(w).
0
Let j(f) = -f**3 - 10*f**2 - 3*f - 30. Let k be j(-10). Let n(q) be the second derivative of k + 1/6*q**3 - q + 1/20*q**5 + q**2 + 1/4*q**4. Calculate n(-3).
-1
Let j(u) = -u**2 - u - 1. Let t be (-70)/4 + (-4)/8. Let f = t - -9. Let o = 8 + f. Calculate j(o).
-1
Let k(o) = -3*o. Let q = -2 + 0. Let b(i) = -i**2 - 2*i - 1. Let f be b(q). Let m be (f/(-3))/(5/(-15)). Determine k(m).
3
Let v(f) be the second derivative of -f**6/120 - f**5/15 + f**3/2 - 3*f**2/2 - 5*f. Let x(l) be the first derivative of v(l). What is x(-4)?
3
Let n(y) = -y**2 + 13*y - 11. Let s(x) be the second derivative of x**3/6 - x**2/2 + 9*x. Let z(b) = n(b) - 6*s(b). Give z(5).
5
Let y(s) = -11*s**2 - 7*s + 8. Let v(z) = 12*z**2 + 6*z - 7. Let x(w) = 7*v(w) + 6*y(w). Determine x(1).
17
Let x(z) = z**2 - 7*z + 11. Let y be x(6). Let w(b) = -b - 5. Give w(y).
-10
Let l(z) = -z + 1. Let k = 12 + -8. Suppose -8 = 2*h - k*h. Calculate l(h).
-3
Let g(k) be the first derivative of -3*k**2 + 5*k - 39. Calculate g(2).
-7
Let g(i) = i**3 - 2*i**2 - 3*i + 4. Let f be -4 - (-1 + 1) - 0. Let r = 6 + f. Let m be 12/4*(-1 + r). Calculate g(m).
4
Let k(u) = -u**3 + 2*u**2 + u. Suppose 2*v = -5*x - 11, 0 = -3*v - 2*v - 3*x + 1. Suppose 0*p = -3*p. Let f = p + v. Give k(f).
2
Let y = 6 - 8. Let h(k) = k**3 - 4*k**2 + k + 8. Let s(b) = b**3 - 3*b**2 + b + 7. Let l(p) = 5*h(p) - 6*s(p). Calculate l(y).
0
Let v(j) = -j**3 - 3*j**2 + j + 3. Let s(w) = -2*w + 3 - w**3 + 8*w + 5*w**2 - 4*w + 3*w. Let a be s(6). Determine v(a).
0
Let l(q) = -9*q**3 + 1. Suppose 4*i + i = 15. Let c be (1/(-2))/(1/(-4)). Suppose i*j + 3 = c*w + 14, -2*w - j + 1 = 0. Calculate l(w).
10
Let w(q) = q + 2. Suppose 5*p - 43 = -3*i - 10, -4*p - 4*i + 28 = 0. Let b = p + -13. Let n = 12 + b. What is w(n)?
7
Let r = -4 - -8. Let f(v) = v - 4 + 8 - 2*v. Give f(r).
0
Let k(x) = 3*x - 1. Let h be k(2). Let j = 9 + -4. Suppose -y + 1 = j*w, 6*w - w - h*y = 25. Let v(a) = 3*a**2 - a + 1. Give v(w).
3
Let i(l) be the second derivative of l**4/4 + l**3/2 + 5*l**2/2 - 2*l. Let k(w) be the first derivative of i(w). Give k(-2).
-9
Suppose -2 + 4 = 2*x. Let j(h) = h. What is j(x)?
1
Let i(l) = -l**3 + 4*l**2 - 3*l + 3. Let j be i(3). Let n(w) be the second derivative of -w**5/20 + 5*w**4/12 - 5*w**3/6 + w**2 + 2*w. Calculate n(j).
5
Let o(j) be the second derivative of j**3/6 - j**2/2 + 5*j. Suppose 0 = 2*f - 2*s + 8 + 6, 2*s + 10 = -4*f. Give o(f).
-5
Let m(d) = -d**2 - 3*d + 4. Let j(h) = -h**3 - 9*h**2 - 8*h - 5. Let z be j(-8). Determine m(z).
-6
Suppose -c + 2*c - 5 = 0, -41 = -4*l - 5*c. Let s(p) = p**3 - 5*p**2 + 5*p - 2. Give s(l).
2
Suppose -2*s + 3*s = 4. Let f(v) be the first derivative of -v**5/120 - v**4/12 + 2*v**3/3 + 1. Let k(a) be the third derivative of f(a). What is k(s)?
-6
Let l be (-29)/9 + (-6)/(-27). Let z be (4/l)/(4/12). Let a(j) = 2*j**2 + 5*j - 2. What is a(z)?
10
Suppose -3*o + 4*v - 12 = 0, 2*v = -o - 0 - 4. Let f = -4 - o. Suppose f = -2*c + c + 3. Let i(l) = -l**2 + 2*l - 2. Give i(c).
-5
Let o(k) = -2*k**2 - 5*k**2 + 8*k - 3 - 2 - k**3 + k**2. Calculate o(-7).
-12
Let f(g) = -6*g**2 + 2*g**2 - 2*g**2 + g + 0*g**2. Suppose 0 = -4*n - 2*v + 12, 0 = 4*n + 7*v - 3*v - 20. Determine f(n).
-5
Let q(s) be the third derivative of -s**5/20 - s**4/8 + s**3/6 - 41*s**2. Calculate q(2).
-17
Let q be (-7)/(-14)*(-1 + 1). Let a(z) = -z**2 - z + 5. Calculate a(q).
5
Suppose -2*d - 4*m + m = -15, 0 = -d - m + 7. Suppose -5*o = 6 - 16. Let w(b) = -o - 8*b - 1 + d*b. Determine w(-5).
7
Suppose 4*m - 16 = -x - x, 2*x + m - 10 = 0. Let b(u) = 3*u + x + 2*u**3 + 0*u**3 - 6*u**3 - 3*u**2 + 3*u**3. Give b(-3).
-5
Let i(t) = -t + 14. Let h(j) = -2*j + 27. Let x(r) = 6*h(r) - 11*i(r). Determine x(0).
8
Let r(b) be the second derivative of 1/2*b**2 - 6*b + 0 - 1/3*b**3 + 3/4*b**4. Give r(1).
8
Suppose 0 = 4*a + 1 - 33. Suppose -3*n + 2*d = -a, 4*d - 4 + 18 = 5*n. Let m(v) = -2 + 1 - 6*v**3 + 5*v**3 + 3*v**n. Give m(2).
3
Let x(i) = 5*i - 4. Let n(m) = 18*m - 17. Let z(h) = -6*n(h) + 22*x(h). What is z(-10)?
-6
Let o(t) = -17*t + 5. Let g(k) = 4*k - 1. Let y(v) = -9*g(v) - 2*o(v). Let w = -1 - -1. Suppose w = 5*q - 0*q + 20. What is y(q)?
7
Let d(t) be the third derivative of -t**2 + 0*t - 5/24*t**4 - 1/60*t**5 + 0 + 2/3*t**3. Let n = 5 + -11. Give d(n).
-2
Suppose 12 = 3*i - 6*i, 2*i = 4*c - 16. Let m(s) = -s + 4. Determine m(c).
2
Let b(u) = -6*u**3 + u**2. Let l be b(1). Let f(n) be the second derivative of 0 + 0*n**2 - 1/12*n**4 + n - n**3. What is f(l)?
5
Let q(d) = 3*d - 1. Let a = -62 + 64. Determine q(a).
5
Let g(c) = c + 3. Let i be g(-3). Let u(b) = i*b + 4*b - 3*b - 3 + 8. Determine u(-3).
2
Let n(g) = 3*g + 1. Let l = -19 + 29. Suppose l = 2*f, -3*f + 6 = 2*q - 5. What is n(q)?
-5
Suppose y = -2*u + 18, -3*y + 41 = 4*u - 3. Let l(o) = -3*o + 11. Give l(y).
-13
Let r(u) = u**2 - 7*u + 6. Let p be r(6). Let c(m) = -m**3 - 11*m + 4*m + 5*m**2 + p*m**2 + 9 + 2*m**2. Calculate c(6).
3
Suppose -u + d = -4, 4*u - 24 = -3*d - d. Suppose v + v - 13 = -l, 0 = u*l + 2*v - 33. Let p(q) = -4 + q**2 - l*q - 3*q**2 - 2*q. Give p(-4).
-8
Let d(u) = -u**2 + 2*u. Suppose -4*j = -2*z + 18, z - 2*j = -7*j - 12. Determine d(z).
-3
Let f = 3 + -1. Let k(u) = f*u + 0*u - 4*u - 5. Cal